s the highest common divisor of 199 and 2786?
199
Calculate the highest common divisor of 462 and 11.
11
What is the highest common factor of 11305 and 969?
323
Calculate the greatest common factor of 59 and 236.
59
Calculate the greatest common factor of 31 and 8711.
31
What is the greatest common divisor of 1564 and 68?
68
Calculate the greatest common divisor of 18788 and 308.
308
What is the highest common divisor of 275 and 200?
25
What is the highest common divisor of 26 and 143?
13
Calculate the greatest common factor of 19827 and 18.
9
What is the greatest common divisor of 88 and 792?
88
Calculate the highest common divisor of 696 and 1068.
12
Calculate the highest common factor of 23 and 46.
23
Calculate the greatest common divisor of 5 and 2560.
5
Calculate the highest common factor of 49 and 735.
49
Calculate the greatest common factor of 829 and 1.
1
Calculate the greatest common divisor of 780 and 1280.
20
Calculate the greatest common divisor of 37113 and 267.
267
What is the greatest common factor of 168 and 1400?
56
What is the highest common divisor of 585 and 180?
45
What is the greatest common divisor of 4131 and 45?
9
Calculate the greatest common divisor of 240 and 75.
15
Calculate the greatest common factor of 2482 and 544.
34
Calculate the highest common factor of 6 and 177.
3
What is the greatest common divisor of 451 and 205?
41
Calculate the highest common divisor of 1118 and 43.
43
Calculate the highest common factor of 54 and 81.
27
What is the highest common divisor of 869 and 79?
79
What is the highest common factor of 25 and 455?
5
Calculate the highest common factor of 506 and 1188.
22
Calculate the greatest common factor of 3979 and 23.
23
What is the highest common factor of 82 and 1271?
41
What is the highest common divisor of 795 and 165?
15
Calculate the highest common divisor of 948 and 18.
6
What is the highest common divisor of 27 and 6291?
27
Calculate the greatest common factor of 720 and 2970.
90
What is the greatest common divisor of 4809 and 1145?
229
What is the highest common divisor of 30 and 474?
6
Calculate the highest common factor of 148 and 4.
4
What is the greatest common factor of 226 and 6?
2
Calculate the highest common divisor of 985 and 10.
5
Calculate the greatest common factor of 6 and 786.
6
Calculate the greatest common divisor of 65 and 39.
13
What is the highest common divisor of 51 and 24463?
17
What is the highest common divisor of 805 and 105?
35
What is the highest common divisor of 14 and 1260?
14
What is the highest common factor of 330 and 286?
22
Calculate the greatest common factor of 792 and 2475.
99
What is the greatest common divisor of 7 and 7?
7
What is the highest common factor of 260 and 20?
20
Calculate the highest common factor of 70756 and 196.
196
Calculate the greatest common factor of 264 and 66.
66
Calculate the highest common divisor of 5057 and 13.
13
Calculate the greatest common divisor of 304 and 19.
19
What is the greatest common divisor of 35 and 119?
7
Calculate the highest common divisor of 68 and 561.
17
What is the greatest common divisor of 1090 and 30?
10
Calculate the greatest common divisor of 17 and 510.
17
What is the highest common divisor of 274 and 411?
137
Calculate the greatest common divisor of 281 and 1.
1
Calculate the highest common factor of 299 and 23.
23
What is the greatest common factor of 2698 and 76?
38
Calculate the highest common factor of 5 and 155.
5
What is the highest common divisor of 15 and 870?
15
Calculate the greatest common factor of 252 and 5103.
63
Calculate the greatest common divisor of 252 and 372.
12
What is the highest common divisor of 8 and 8?
8
Calculate the highest common divisor of 225 and 180.
45
Calculate the greatest common divisor of 4807 and 114.
19
What is the greatest common factor of 667 and 23?
23
Calculate the greatest common factor of 52 and 2106.
26
What is the greatest common factor of 371 and 42?
7
Calculate the highest common divisor of 38191 and 211.
211
What is the highest common factor of 468 and 450?
18
Calculate the highest common divisor of 92 and 14398.
46
Calculate the greatest common factor of 48 and 198.
6
Calculate the highest common factor of 869 and 33.
11
What is the greatest common factor of 572 and 429?
143
Calculate the greatest common divisor of 306 and 3.
3
What is the greatest common factor of 1099 and 28?
7
What is the greatest common factor of 68 and 1292?
68
What is the greatest common factor of 812 and 28?
28
What is the highest common factor of 1156 and 204?
68
What is the greatest common divisor of 988 and 52?
52
Calculate the greatest common factor of 30 and 20.
10
What is the greatest common factor of 66 and 44?
22
What is the highest common divisor of 30 and 3810?
30
Calculate the greatest common divisor of 15067 and 26.
13
Calculate the highest common factor of 9200 and 276.
92
What is the greatest common factor of 475 and 38?
19
What is the greatest common factor of 90 and 4248?
18
What is the highest common divisor of 2874 and 18?
6
What is the highest common divisor of 1953 and 252?
63
What is the greatest common divisor of 238 and 3927?
119
What is the greatest common divisor of 638 and 11?
11
Calculate the greatest common factor of 1332 and 180.
36
Calculate the greatest common divisor of 2 and 860.
2
Calculate the greatest common factor of 276 and 96.
12
What is the greatest common factor of 156 and 84?
12
Calculate the greatest common divisor of 1938 and 663.
51
What is the greatest common divisor of 23 and 575?
23
What is the highest common divisor of 936 and 27?
9
Calculate the greatest common factor of 1368 and 76.
76
What is the greatest common divisor of 88 and 16?
8
Calculate the highest common factor of 156 and 221.
13
What is the greatest common factor of 2686 and 102?
34
What is the greatest common factor of 1590 and 30?
30
Calculate the greatest common divisor of 80 and 5320.
40
What is the highest common divisor of 103883 and 131?
131
Calculate the highest common divisor of 15 and 3295.
5
Calculate the highest common factor of 32 and 2784.
32
What is the greatest common divisor of 63 and 1197?
63
Calculate the highest common factor of 51 and 4539.
51
What is the greatest common factor of 6448 and 104?
104
What is the greatest common factor of 7 and 3787?
7
What is the greatest common factor of 100 and 320?
20
Calculate the highest common divisor of 1358 and 3104.
194
What is the highest common factor of 4826 and 254?
254
What is the greatest common factor of 24 and 6?
6
What is the greatest common divisor of 6201 and 18?
9
Calculate the greatest common divisor of 484 and 682.
22
What is the greatest common divisor of 259 and 91?
7
Calculate the greatest common factor of 10 and 290.
10
Calculate the greatest common factor of 5 and 320.
5
What is the highest common factor of 1142 and 14?
2
What is the highest common divisor of 80 and 200?
40
What is the greatest common divisor of 208 and 256?
16
Calculate the highest common divisor of 215 and 43.
43
What is the greatest common divisor of 1760 and 110?
110
What is the greatest common divisor of 144 and 504?
72
What is the highest common divisor of 24 and 3?
3
What is the highest common factor of 24 and 388?
4
What is the greatest common divisor of 418 and 152?
38
What is the highest common divisor of 59 and 177?
59
Calculate the greatest common factor of 6588 and 61.
61
Calculate the greatest common divisor of 49 and 22883.
49
What is the greatest common divisor of 112 and 448?
112
What is the greatest common divisor of 679 and 7?
7
What is the highest common factor of 81 and 20?
1
Calculate the greatest common factor of 56 and 1750.
14
Calculate the greatest common divisor of 88 and 7084.
44
Calculate the greatest common divisor of 33524 and 17.
17
Calculate the greatest common divisor of 148 and 4107.
37
What is the highest common divisor of 184 and 23?
23
What is the greatest common factor of 7 and 7483?
7
What is the highest common divisor of 423 and 235?
47
Calculate the greatest common factor of 278 and 4865.
139
What is the greatest common factor of 229 and 1145?
229
Calculate the highest common divisor of 52 and 388.
4
What is the greatest common factor of 12 and 192?
12
Calcula